{"id":11144,"date":"2026-02-10T08:00:03","date_gmt":"2026-02-10T06:00:03","guid":{"rendered":"http:\/\/iif.gdu.edu.az\/?page_id=11144"},"modified":"2026-02-10T08:00:03","modified_gmt":"2026-02-10T06:00:03","slug":"dosent-%c9%99hm%c9%99dov-zakir-talib","status":"publish","type":"page","link":"http:\/\/iif.gdu.edu.az\/?page_id=11144","title":{"rendered":"Dosent \u018fhm\u0259dov Zakir Tal\u0131b"},"content":{"rendered":"\n<p>\u0130qtisadiyyat kafedras\u0131n\u0131n m\u00fcdiri<\/p>\n","protected":false},"excerpt":{"rendered":"<p>\u0130qtisadiyyat kafedras\u0131n\u0131n m\u00fcdiri<\/p>\n","protected":false},"author":7,"featured_media":0,"parent":0,"menu_order":0,"comment_status":"closed","ping_status":"closed","template":"","meta":{"footnotes":""},"categories":[1],"tags":[],"class_list":["post-11144","page","type-page","status-publish","hentry","category-sas"],"_links":{"self":[{"href":"http:\/\/iif.gdu.edu.az\/index.php?rest_route=\/wp\/v2\/pages\/11144","targetHints":{"allow":["GET"]}}],"collection":[{"href":"http:\/\/iif.gdu.edu.az\/index.php?rest_route=\/wp\/v2\/pages"}],"about":[{"href":"http:\/\/iif.gdu.edu.az\/index.php?rest_route=\/wp\/v2\/types\/page"}],"author":[{"embeddable":true,"href":"http:\/\/iif.gdu.edu.az\/index.php?rest_route=\/wp\/v2\/users\/7"}],"replies":[{"embeddable":true,"href":"http:\/\/iif.gdu.edu.az\/index.php?rest_route=%2Fwp%2Fv2%2Fcomments&post=11144"}],"version-history":[{"count":2,"href":"http:\/\/iif.gdu.edu.az\/index.php?rest_route=\/wp\/v2\/pages\/11144\/revisions"}],"predecessor-version":[{"id":11149,"href":"http:\/\/iif.gdu.edu.az\/index.php?rest_route=\/wp\/v2\/pages\/11144\/revisions\/11149"}],"wp:attachment":[{"href":"http:\/\/iif.gdu.edu.az\/index.php?rest_route=%2Fwp%2Fv2%2Fmedia&parent=11144"}],"wp:term":[{"taxonomy":"category","embeddable":true,"href":"http:\/\/iif.gdu.edu.az\/index.php?rest_route=%2Fwp%2Fv2%2Fcategories&post=11144"},{"taxonomy":"post_tag","embeddable":true,"href":"http:\/\/iif.gdu.edu.az\/index.php?rest_route=%2Fwp%2Fv2%2Ftags&post=11144"}],"curies":[{"name":"wp","href":"https:\/\/api.w.org\/{rel}","templated":true}]}}