{"id":461,"date":"2016-03-30T07:14:48","date_gmt":"2016-03-30T05:14:48","guid":{"rendered":"http:\/\/ii.gdu.edu.az\/?page_id=461"},"modified":"2026-04-05T17:23:48","modified_gmt":"2026-04-05T15:23:48","slug":"tyutorlar","status":"publish","type":"page","link":"http:\/\/iif.gdu.edu.az\/?page_id=461","title":{"rendered":"Tyutorlar"},"content":{"rendered":"\n<div class=\"wp-block-group\"><div class=\"wp-block-group__inner-container is-layout-flow wp-block-group-is-layout-flow\"><\/div><\/div>\n\n\n\n<div class=\"wp-block-group alignwide\"><div class=\"wp-block-group__inner-container is-layout-constrained wp-block-group-is-layout-constrained\">\n<div class=\"wp-block-media-text alignwide is-stacked-on-mobile\" style=\"grid-template-columns:23% auto\"><figure class=\"wp-block-media-text__media\"><img loading=\"lazy\" decoding=\"async\" width=\"262\" height=\"341\" src=\"https:\/\/iif.gdu.edu.az\/wp-content\/uploads\/2026\/02\/\u0421\u043d\u0438\u043c\u043e\u043a-8.png\" alt=\"\" class=\"wp-image-11923 size-full\"\/><\/figure><div class=\"wp-block-media-text__content\">\n<p><strong>V\u0259zif\u0259:<\/strong>&nbsp; Akademik m\u0259sl\u0259h\u0259t\u00e7i (tyutor)<\/p>\n\n\n\n<p><strong>Ad:&nbsp;<\/strong>G\u00fclt\u0259n <\/p>\n\n\n\n<p><strong>Soyad:&nbsp;<\/strong>M\u0259mm\u0259dli<\/p>\n\n\n\n<p><strong>E-po\u00e7t:&nbsp;<\/strong>mailto:gltnmlee@gmail.com<\/p>\n\n\n\n<p><strong>\u018flaq\u0259:&nbsp; <\/strong>(051) 766 77 69 <\/p>\n\n\n\n<p>(022) 253-20-96<br><\/p>\n<\/div><\/div>\n<\/div><\/div>\n\n\n\n<div class=\"wp-block-group\"><div class=\"wp-block-group__inner-container is-layout-constrained wp-block-group-is-layout-constrained\">\n<div class=\"wp-block-media-text is-stacked-on-mobile\" style=\"grid-template-columns:24% auto\"><figure class=\"wp-block-media-text__media\"><img loading=\"lazy\" decoding=\"async\" width=\"235\" height=\"263\" src=\"https:\/\/iif.gdu.edu.az\/wp-content\/uploads\/2026\/03\/\u0421\u043d\u0438\u043c\u043e\u043a.png\" alt=\"\" class=\"wp-image-12021 size-full\"\/><\/figure><div class=\"wp-block-media-text__content\">\n<p><strong>V\u0259zif\u0259:<\/strong> Akademik m\u0259sl\u0259h\u0259t\u00e7i (tyutor)<\/p>\n\n\n\n<p><strong>Ad:&nbsp;<\/strong>Ayg\u00fcn <\/p>\n\n\n\n<p><strong>Soyad:&nbsp;<\/strong>\u0130smay\u0131lova<\/p>\n\n\n\n<p><strong>E-po\u00e7t:&nbsp;<\/strong>ismaylova.aygun@list.ru<\/p>\n\n\n\n<p><strong>\u018flaq\u0259:&nbsp; <\/strong>(055) 765 17 81<br><\/p>\n<\/div><\/div>\n\n\n\n<div class=\"wp-block-media-text is-stacked-on-mobile\" style=\"grid-template-columns:25% auto\"><figure class=\"wp-block-media-text__media\"><img loading=\"lazy\" decoding=\"async\" width=\"300\" height=\"420\" src=\"http:\/\/iif.gdu.edu.az\/wp-content\/uploads\/2026\/03\/WhatsApp-Image-2026-03-03-at-09.41.37.jpeg\" alt=\"\" class=\"wp-image-12023 size-full\"\/><\/figure><div class=\"wp-block-media-text__content\">\n<p><strong>V\u0259zif\u0259:<\/strong> Akademik m\u0259sl\u0259h\u0259t\u00e7i (tyutor)<\/p>\n\n\n\n<p><strong>Ad:&nbsp;<\/strong>Fidan <\/p>\n\n\n\n<p><strong>Soyad:&nbsp;<\/strong>Ta\u011f\u0131yeva<\/p>\n\n\n\n<p><strong>E-po\u00e7t:&nbsp;<\/strong>fidanalof1990@gmail.com<\/p>\n\n\n\n<p><strong>\u018flaq\u0259:&nbsp; <\/strong>(055)&nbsp;229 20 25&nbsp;&nbsp;&nbsp;&nbsp;&nbsp;&nbsp;&nbsp;&nbsp;&nbsp;&nbsp;&nbsp;&nbsp;&nbsp;&nbsp;&nbsp;&nbsp;&nbsp;&nbsp;&nbsp;&nbsp;&nbsp;&nbsp;&nbsp;&nbsp;&nbsp;&nbsp;&nbsp;&nbsp;&nbsp;&nbsp;&nbsp;&nbsp;&nbsp;&nbsp;&nbsp;&nbsp;&nbsp;&nbsp;&nbsp;&nbsp;&nbsp;&nbsp;&nbsp;<\/p>\n<\/div><\/div>\n<\/div><\/div>\n\n\n\n<div class=\"wp-block-media-text is-stacked-on-mobile\" style=\"grid-template-columns:25% auto\"><figure class=\"wp-block-media-text__media\"><img loading=\"lazy\" decoding=\"async\" width=\"672\" height=\"949\" src=\"http:\/\/iif.gdu.edu.az\/wp-content\/uploads\/2026\/04\/WhatsApp-Image-2026-04-05-at-19.21.57.jpeg\" alt=\"\" class=\"wp-image-12590 size-full\"\/><\/figure><div class=\"wp-block-media-text__content\">\n<p><strong>V\u0259zif\u0259:<\/strong> Akademik m\u0259sl\u0259h\u0259t\u00e7i (tyutor)<\/p>\n\n\n\n<p><strong>Ad:\u00a0<\/strong>\u00c7inar\u0259<\/p>\n\n\n\n<p><strong>Soyad:\u00a0<\/strong>Al\u0131yeva<\/p>\n\n\n\n<p><strong>E-po\u00e7t:\u00a0<\/strong>Chinareeliyeva44@gmail.com<br><strong>\u018flaq\u0259:\u00a0 <\/strong>(050) 767 05 56\u00a0\u00a0\u00a0\u00a0\u00a0\u00a0\u00a0\u00a0\u00a0\u00a0\u00a0\u00a0\u00a0\u00a0\u00a0\u00a0\u00a0\u00a0\u00a0\u00a0\u00a0\u00a0\u00a0\u00a0\u00a0\u00a0\u00a0\u00a0\u00a0\u00a0\u00a0\u00a0\u00a0\u00a0\u00a0\u00a0\u00a0\u00a0\u00a0\u00a0<\/p>\n<\/div><\/div>\n","protected":false},"excerpt":{"rendered":"<p>V\u0259zif\u0259:&nbsp; Akademik m\u0259sl\u0259h\u0259t\u00e7i (tyutor) Ad:&nbsp;G\u00fclt\u0259n Soyad:&nbsp;M\u0259mm\u0259dli E-po\u00e7t:&nbsp;mailto:gltnmlee@gmail.com \u018flaq\u0259:&nbsp; (051) 766 77 69 (022) 253-20-96 V\u0259zif\u0259: Akademik m\u0259sl\u0259h\u0259t\u00e7i (tyutor) Ad:&nbsp;Ayg\u00fcn Soyad:&nbsp;\u0130smay\u0131lova E-po\u00e7t:&nbsp;ismaylova.aygun@list.ru \u018flaq\u0259:&nbsp; (055) 765 17 81 V\u0259zif\u0259: Akademik m\u0259sl\u0259h\u0259t\u00e7i (tyutor) Ad:&nbsp;Fidan Soyad:&nbsp;Ta\u011f\u0131yeva E-po\u00e7t:&nbsp;fidanalof1990@gmail.com \u018flaq\u0259:&nbsp; (055)&nbsp;229 20 25&nbsp;&nbsp;&nbsp;&nbsp;&nbsp;&nbsp;&nbsp;&nbsp;&nbsp;&nbsp;&nbsp;&nbsp;&nbsp;&nbsp;&nbsp;&nbsp;&nbsp;&nbsp;&nbsp;&nbsp;&nbsp;&nbsp;&nbsp;&nbsp;&nbsp;&nbsp;&nbsp;&nbsp;&nbsp;&nbsp;&nbsp;&nbsp;&nbsp;&nbsp;&nbsp;&nbsp;&nbsp;&nbsp;&nbsp;&nbsp;&nbsp;&nbsp;&nbsp; V\u0259zif\u0259: Akademik m\u0259sl\u0259h\u0259t\u00e7i (tyutor) Ad:\u00a0\u00c7inar\u0259 Soyad:\u00a0Al\u0131yeva E-po\u00e7t:\u00a0Chinareeliyeva44@gmail.com\u018flaq\u0259:\u00a0 (050) 767 05 56\u00a0\u00a0\u00a0\u00a0\u00a0\u00a0\u00a0\u00a0\u00a0\u00a0\u00a0\u00a0\u00a0\u00a0\u00a0\u00a0\u00a0\u00a0\u00a0\u00a0\u00a0\u00a0\u00a0\u00a0\u00a0\u00a0\u00a0\u00a0\u00a0\u00a0\u00a0\u00a0\u00a0\u00a0\u00a0\u00a0\u00a0\u00a0\u00a0\u00a0<\/p>\n","protected":false},"author":5,"featured_media":0,"parent":0,"menu_order":0,"comment_status":"closed","ping_status":"closed","template":"","meta":{"footnotes":""},"categories":[19],"tags":[],"class_list":["post-461","page","type-page","status-publish","hentry","category-dekanliq"],"_links":{"self":[{"href":"http:\/\/iif.gdu.edu.az\/index.php?rest_route=\/wp\/v2\/pages\/461","targetHints":{"allow":["GET"]}}],"collection":[{"href":"http:\/\/iif.gdu.edu.az\/index.php?rest_route=\/wp\/v2\/pages"}],"about":[{"href":"http:\/\/iif.gdu.edu.az\/index.php?rest_route=\/wp\/v2\/types\/page"}],"author":[{"embeddable":true,"href":"http:\/\/iif.gdu.edu.az\/index.php?rest_route=\/wp\/v2\/users\/5"}],"replies":[{"embeddable":true,"href":"http:\/\/iif.gdu.edu.az\/index.php?rest_route=%2Fwp%2Fv2%2Fcomments&post=461"}],"version-history":[{"count":27,"href":"http:\/\/iif.gdu.edu.az\/index.php?rest_route=\/wp\/v2\/pages\/461\/revisions"}],"predecessor-version":[{"id":12592,"href":"http:\/\/iif.gdu.edu.az\/index.php?rest_route=\/wp\/v2\/pages\/461\/revisions\/12592"}],"wp:attachment":[{"href":"http:\/\/iif.gdu.edu.az\/index.php?rest_route=%2Fwp%2Fv2%2Fmedia&parent=461"}],"wp:term":[{"taxonomy":"category","embeddable":true,"href":"http:\/\/iif.gdu.edu.az\/index.php?rest_route=%2Fwp%2Fv2%2Fcategories&post=461"},{"taxonomy":"post_tag","embeddable":true,"href":"http:\/\/iif.gdu.edu.az\/index.php?rest_route=%2Fwp%2Fv2%2Ftags&post=461"}],"curies":[{"name":"wp","href":"https:\/\/api.w.org\/{rel}","templated":true}]}}