{"id":6830,"date":"2024-04-15T19:55:30","date_gmt":"2024-04-15T17:55:30","guid":{"rendered":"http:\/\/iif.gdu.edu.az\/?page_id=6830"},"modified":"2024-05-02T14:18:51","modified_gmt":"2024-05-02T12:18:51","slug":"yazili-imtahan-suallari","status":"publish","type":"page","link":"http:\/\/iif.gdu.edu.az\/?page_id=6830","title":{"rendered":"Yaz\u0131l\u0131 imtahan suallar\u0131"},"content":{"rendered":"\n<p><strong>2023\/2024-c\u00fc t\u0259dris ilinin yaz semestrinin yaz\u0131l\u0131 imtahan suallar\u0131<\/strong><\/p>\n\n\n\n<div class=\"wp-block-file\"><a href=\"https:\/\/iif.gdu.edu.az\/wp-content\/uploads\/2024\/05\/Bank-i\u015fi-yaz\u0131l\u0131-suallar.docx\">1. Bank-i\u015fi-yaz\u0131l\u0131-suallar<\/a><\/div>\n\n\n\n<div class=\"wp-block-file\"><a href=\"https:\/\/iif.gdu.edu.az\/wp-content\/uploads\/2024\/05\/Beyn\u0259lxalq-biznes-yaz\u0131l\u0131-suallar.docx\">2. Beyn\u0259lxalq-biznes-yaz\u0131l\u0131-suallar<\/a><\/div>\n\n\n\n<div class=\"wp-block-file\"><a href=\"https:\/\/iif.gdu.edu.az\/wp-content\/uploads\/2024\/05\/Biznes-infrastrukturu-yaz\u0131l\u0131-suallar.docx\">3. Biznes-infrastrukturu-yaz\u0131l\u0131-suallar<\/a><\/div>\n\n\n\n<div class=\"wp-block-file\"><a href=\"https:\/\/iif.gdu.edu.az\/wp-content\/uploads\/2024\/05\/Biznes-strategiyasi-yaz\u0131l\u0131-suallar.docx\">4. Biznes-strategiyasi-yaz\u0131l\u0131-suallar<\/a><\/div>\n\n\n\n<div class=\"wp-block-file\"><a href=\"https:\/\/iif.gdu.edu.az\/wp-content\/uploads\/2024\/05\/Biznesin-\u0259saslari-yaz\u0131l\u0131-suallar.docx\">5. Biznesin-\u0259saslari-yaz\u0131l\u0131-suallar<\/a><\/div>\n\n\n\n<div class=\"wp-block-file\"><a href=\"https:\/\/iif.gdu.edu.az\/wp-content\/uploads\/2024\/05\/Dovlet-qullu\u011fu-B\u0130E-III-yaz\u0131l\u0131-suallar.docx\">6. Dovlet-qullu\u011fu-B\u0130E-III-yaz\u0131l\u0131-suallar<\/a><\/div>\n\n\n\n<div class=\"wp-block-file\"><a href=\"https:\/\/iif.gdu.edu.az\/wp-content\/uploads\/2024\/05\/Dovlet-qullu\u011fu-D.B-II-yaz\u0131l\u0131-suallar.docx\">7. Dovlet-qullu\u011fu-D.B-II-yaz\u0131l\u0131-suallar<\/a><\/div>\n\n\n\n<div class=\"wp-block-file\"><a href=\"https:\/\/iif.gdu.edu.az\/wp-content\/uploads\/2024\/05\/Heyy\u0259tin-idar\u0259-olunmas\u0131-yaz\u0131l\u0131-suallar.docx\">8. Heyy\u0259tin-idar\u0259-olunmas\u0131-yaz\u0131l\u0131-suallar<\/a><\/div>\n\n\n\n<div class=\"wp-block-file\"><a href=\"https:\/\/iif.gdu.edu.az\/wp-content\/uploads\/2024\/05\/\u0130qtisadiyyat\u0131n-t\u0259nziml\u0259nm\u0259si-yaz\u0131l\u0131-suallar.docx\">9. \u0130qtisadiyyat\u0131n-t\u0259nziml\u0259nm\u0259si-yaz\u0131l\u0131-suallar<\/a><\/div>\n\n\n\n<div class=\"wp-block-file\"><a href=\"https:\/\/iif.gdu.edu.az\/wp-content\/uploads\/2024\/05\/Aqrar-iqtisadiyyat-yaz\u0131l\u0131-suallar.docx\">10. Aqrar-iqtisadiyyat-yaz\u0131l\u0131-suallar<\/a><\/div>\n\n\n\n<div class=\"wp-block-file\"><a href=\"https:\/\/iif.gdu.edu.az\/wp-content\/uploads\/2024\/05\/Az\u0259rbaycan-iqtisadiyyat\u0131-yaz\u0131l\u0131-suallar.docx\">11. Az\u0259rbaycan-iqtisadiyyat\u0131-yaz\u0131l\u0131-suallar<\/a><\/div>\n\n\n\n<div class=\"wp-block-file\"><a href=\"https:\/\/iif.gdu.edu.az\/wp-content\/uploads\/2024\/05\/B\u00fcdc\u0259-sistemi-yaz\u0131l\u0131-suallar.docx\">12. B\u00fcdc\u0259-sistemi-yaz\u0131l\u0131-suallar<\/a><\/div>\n\n\n\n<div class=\"wp-block-file\"><a href=\"https:\/\/iif.gdu.edu.az\/wp-content\/uploads\/2024\/05\/\u0130qtisadi-t\u0259hl\u00fck\u0259sizlik-yaz\u0131l\u0131-suallar.doc\">13. \u0130qtisadi-t\u0259hl\u00fck\u0259sizlik-yaz\u0131l\u0131-suallar<\/a><\/div>\n\n\n\n<div class=\"wp-block-file\"><a href=\"https:\/\/iif.gdu.edu.az\/wp-content\/uploads\/2024\/05\/\u0130stehsal-sah\u0259l\u0259rind\u0259-m\u00fchasibat-u\u00e7otu-yaz\u0131l\u0131-suallar.docx\">14. \u0130stehsal-sah\u0259l\u0259rind\u0259-m\u00fchasibat-u\u00e7otu-yaz\u0131l\u0131-suallar<\/a><\/div>\n\n\n\n<div class=\"wp-block-file\"><a href=\"https:\/\/iif.gdu.edu.az\/wp-content\/uploads\/2024\/05\/Korporativ-maliyy\u0259-yaz\u0131l\u0131-suallar.docx\">15. Korporativ-maliyy\u0259-yaz\u0131l\u0131-suallar<\/a><\/div>\n\n\n\n<div class=\"wp-block-file\"><a href=\"https:\/\/iif.gdu.edu.az\/wp-content\/uploads\/2024\/05\/Maliyy\u0259-hesabatlar\u0131n\u0131n-t\u0259hlili-yaz\u0131l\u0131-suallar.docx\">16. Maliyy\u0259-hesabatlar\u0131n\u0131n-t\u0259hlili-yaz\u0131l\u0131-suallar<\/a><\/div>\n\n\n\n<div class=\"wp-block-file\"><a href=\"https:\/\/iif.gdu.edu.az\/wp-content\/uploads\/2024\/05\/maliyy\u0259-u\u00e7otu-yaz\u0131l\u0131-suallar.docx\">17. Maliyy\u0259-u\u00e7otu-yaz\u0131l\u0131-suallar<\/a><\/div>\n\n\n\n<div class=\"wp-block-file\"><a href=\"https:\/\/iif.gdu.edu.az\/wp-content\/uploads\/2024\/05\/Mikroiqtisadiyyat-yaz\u0131l\u0131-suallar.docx\">18. Mikroiqtisadiyyat-yaz\u0131l\u0131-suallar<\/a><\/div>\n\n\n\n<div class=\"wp-block-file\"><a href=\"https:\/\/iif.gdu.edu.az\/wp-content\/uploads\/2024\/05\/M\u00fchasibat-u\u00e7otu-yaz\u0131l\u0131-suallar.docx\">19. M\u00fchasibat-u\u00e7otu-yaz\u0131l\u0131-suallar<\/a><\/div>\n\n\n\n<div class=\"wp-block-file\"><a href=\"https:\/\/iif.gdu.edu.az\/wp-content\/uploads\/2024\/05\/S\u0259naye-iqtisadiyyat\u0131-yaz\u0131l\u0131-suallar.docx\">20. S\u0259naye-iqtisadiyyat\u0131-yaz\u0131l\u0131-suallar<\/a><\/div>\n\n\n\n<div class=\"wp-block-file\"><a href=\"https:\/\/iif.gdu.edu.az\/wp-content\/uploads\/2024\/05\/S\u0131\u011forta-i\u015fi-yaz\u0131l\u0131-suallar.docx\">21. S\u0131\u011forta-i\u015fi-yaz\u0131l\u0131-suallar<\/a><\/div>\n\n\n\n<div class=\"wp-block-file\"><a href=\"https:\/\/iif.gdu.edu.az\/wp-content\/uploads\/2024\/05\/Sosial-iqtisadi-inki\u015faf\u0131n-proqnozla\u015fd\u0131r\u0131lmas\u0131-yaz\u0131l\u0131-suallar.docx\">22. Sosial-iqtisadi-inki\u015faf\u0131n-proqnozla\u015fd\u0131r\u0131lmas\u0131-yaz\u0131l\u0131-suallar<\/a><\/div>\n\n\n\n<div class=\"wp-block-file\"><a href=\"https:\/\/iif.gdu.edu.az\/wp-content\/uploads\/2024\/05\/Ticar\u0259tin-iqtisadiyyat\u0131-yaz\u0131l\u0131-suallar.docx\">23. Ticar\u0259tin-iqtisadiyyat\u0131-yaz\u0131l\u0131-suallar<\/a><\/div>\n\n\n\n<p><\/p>\n","protected":false},"excerpt":{"rendered":"<p>2023\/2024-c\u00fc t\u0259dris ilinin yaz semestrinin yaz\u0131l\u0131 imtahan suallar\u0131<\/p>\n","protected":false},"author":7,"featured_media":0,"parent":0,"menu_order":0,"comment_status":"closed","ping_status":"closed","template":"","meta":{"footnotes":""},"categories":[],"tags":[],"class_list":["post-6830","page","type-page","status-publish","hentry"],"_links":{"self":[{"href":"http:\/\/iif.gdu.edu.az\/index.php?rest_route=\/wp\/v2\/pages\/6830","targetHints":{"allow":["GET"]}}],"collection":[{"href":"http:\/\/iif.gdu.edu.az\/index.php?rest_route=\/wp\/v2\/pages"}],"about":[{"href":"http:\/\/iif.gdu.edu.az\/index.php?rest_route=\/wp\/v2\/types\/page"}],"author":[{"embeddable":true,"href":"http:\/\/iif.gdu.edu.az\/index.php?rest_route=\/wp\/v2\/users\/7"}],"replies":[{"embeddable":true,"href":"http:\/\/iif.gdu.edu.az\/index.php?rest_route=%2Fwp%2Fv2%2Fcomments&post=6830"}],"version-history":[{"count":4,"href":"http:\/\/iif.gdu.edu.az\/index.php?rest_route=\/wp\/v2\/pages\/6830\/revisions"}],"predecessor-version":[{"id":7004,"href":"http:\/\/iif.gdu.edu.az\/index.php?rest_route=\/wp\/v2\/pages\/6830\/revisions\/7004"}],"wp:attachment":[{"href":"http:\/\/iif.gdu.edu.az\/index.php?rest_route=%2Fwp%2Fv2%2Fmedia&parent=6830"}],"wp:term":[{"taxonomy":"category","embeddable":true,"href":"http:\/\/iif.gdu.edu.az\/index.php?rest_route=%2Fwp%2Fv2%2Fcategories&post=6830"},{"taxonomy":"post_tag","embeddable":true,"href":"http:\/\/iif.gdu.edu.az\/index.php?rest_route=%2Fwp%2Fv2%2Ftags&post=6830"}],"curies":[{"name":"wp","href":"https:\/\/api.w.org\/{rel}","templated":true}]}}