{"id":10203,"date":"2025-11-03T10:32:56","date_gmt":"2025-11-03T08:32:56","guid":{"rendered":"http:\/\/iif.gdu.edu.az\/?page_id=10203"},"modified":"2025-11-03T10:32:56","modified_gmt":"2025-11-03T08:32:56","slug":"maliyy%c9%99-bazarlari","status":"publish","type":"page","link":"https:\/\/iif.gdu.edu.az\/?page_id=10203","title":{"rendered":"Maliyy\u0259 bazarlar\u0131"},"content":{"rendered":"\n<div class=\"wp-block-file\"><a href=\"https:\/\/iif.gdu.edu.az\/wp-content\/uploads\/2025\/11\/Muhazire-1-MAL\u0130YY\u018f-BAZARLARI-V\u018f-ONUN-PE\u015e\u018fKAR-\u0130\u015eT\u0130RAK\u00c7ILARI.pdf\">Muhazire-1-MAL\u0130YY\u018f-BAZARLARI-V\u018f-ONUN-PE\u015e\u018fKAR-\u0130\u015eT\u0130RAK\u00c7ILARI<\/a><\/div>\n\n\n\n<div class=\"wp-block-file\"><a href=\"https:\/\/iif.gdu.edu.az\/wp-content\/uploads\/2025\/11\/Muhazire-2-AZ\u018fRBAYCAN-RESPUBL\u0130KASINDA-MAL\u0130YY\u018f.pdf\">Muhazire-2-AZ\u018fRBAYCAN-RESPUBL\u0130KASINDA-MAL\u0130YY\u018f<\/a><\/div>\n\n\n\n<div class=\"wp-block-file\"><a href=\"https:\/\/iif.gdu.edu.az\/wp-content\/uploads\/2025\/11\/Muhazire-3-MAL\u0130YY\u018f-RESURSLARI-ONLARIN-FORMALA\u015eMASI-V\u018f.pdf\">Muhazire-3-MAL\u0130YY\u018f-RESURSLARI-ONLARIN-FORMALA\u015eMASI-V\u018f<\/a><\/div>\n\n\n\n<div class=\"wp-block-file\"><a href=\"https:\/\/iif.gdu.edu.az\/wp-content\/uploads\/2025\/11\/Muhazire-4-VALYUTA-BAZARI.pdf\">Muhazire-4-VALYUTA-BAZARI<\/a><\/div>\n\n\n\n<div class=\"wp-block-file\"><a href=\"https:\/\/iif.gdu.edu.az\/wp-content\/uploads\/2025\/11\/Muhazire-5-QIZIL-BAZARI.pdf\">Muhazire-5-QIZIL-BAZARI<\/a><\/div>\n\n\n\n<div class=\"wp-block-file\"><a href=\"https:\/\/iif.gdu.edu.az\/wp-content\/uploads\/2025\/11\/Muhazire-6-KAP\u0130TAL-BAZARI.pdf\">Muhazire-6-KAP\u0130TAL-BAZARI<\/a><\/div>\n\n\n\n<div class=\"wp-block-file\"><a href=\"https:\/\/iif.gdu.edu.az\/wp-content\/uploads\/2025\/11\/Muhazire-7-KRED\u0130T-BAZARI.pdf\">Muhazire-7-KRED\u0130T-BAZARI<\/a><\/div>\n\n\n\n<div class=\"wp-block-file\"><a href=\"https:\/\/iif.gdu.edu.az\/wp-content\/uploads\/2025\/11\/Muhazire-8-Q\u0130YM\u018fTL\u0130-KA\u011eIZLAR-BAZARI.pdf\">Muhazire-8-Q\u0130YM\u018fTL\u0130-KA\u011eIZLAR-BAZARI<\/a><\/div>\n\n\n\n<div class=\"wp-block-file\"><a href=\"https:\/\/iif.gdu.edu.az\/wp-content\/uploads\/2025\/11\/Muhazire-9-FOND-B\u0130RJASI.pdf\">Muhazire-9-FOND-B\u0130RJASI<\/a><\/div>\n\n\n\n<div class=\"wp-block-file\"><a href=\"https:\/\/iif.gdu.edu.az\/wp-content\/uploads\/2025\/11\/Muhazire-10-SI\u011eORTA-BAZARI.pdf\">Muhazire-10-SI\u011eORTA-BAZARI<\/a><\/div>\n\n\n\n<div class=\"wp-block-file\"><a href=\"https:\/\/iif.gdu.edu.az\/wp-content\/uploads\/2025\/11\/Muhazire-11-\u0130POTEKA-L\u0130Z\u0130NQ-V\u018f-FAKTOR\u0130NQ-X\u0130DM\u018fT\u0130-BAZARLARI.pdf\">Muhazire-11-\u0130POTEKA-L\u0130Z\u0130NQ-V\u018f-FAKTOR\u0130NQ-X\u0130DM\u018fT\u0130-BAZARLARI<\/a><\/div>\n\n\n\n<div class=\"wp-block-file\"><a href=\"https:\/\/iif.gdu.edu.az\/wp-content\/uploads\/2025\/11\/Muhazire-12-D\u00dcNYA-MAL\u0130YY\u018f-BAZARLARI-V\u018f-T\u018f\u015eK\u0130LATLARI.pdf\">Muhazire-12-D\u00dcNYA-MAL\u0130YY\u018f-BAZARLARI-V\u018f-T\u018f\u015eK\u0130LATLARI<\/a><\/div>\n","protected":false},"excerpt":{"rendered":"","protected":false},"author":7,"featured_media":0,"parent":0,"menu_order":0,"comment_status":"closed","ping_status":"closed","template":"","meta":{"footnotes":""},"categories":[],"tags":[],"class_list":["post-10203","page","type-page","status-publish","hentry"],"_links":{"self":[{"href":"https:\/\/iif.gdu.edu.az\/index.php?rest_route=\/wp\/v2\/pages\/10203","targetHints":{"allow":["GET"]}}],"collection":[{"href":"https:\/\/iif.gdu.edu.az\/index.php?rest_route=\/wp\/v2\/pages"}],"about":[{"href":"https:\/\/iif.gdu.edu.az\/index.php?rest_route=\/wp\/v2\/types\/page"}],"author":[{"embeddable":true,"href":"https:\/\/iif.gdu.edu.az\/index.php?rest_route=\/wp\/v2\/users\/7"}],"replies":[{"embeddable":true,"href":"https:\/\/iif.gdu.edu.az\/index.php?rest_route=%2Fwp%2Fv2%2Fcomments&post=10203"}],"version-history":[{"count":1,"href":"https:\/\/iif.gdu.edu.az\/index.php?rest_route=\/wp\/v2\/pages\/10203\/revisions"}],"predecessor-version":[{"id":10219,"href":"https:\/\/iif.gdu.edu.az\/index.php?rest_route=\/wp\/v2\/pages\/10203\/revisions\/10219"}],"wp:attachment":[{"href":"https:\/\/iif.gdu.edu.az\/index.php?rest_route=%2Fwp%2Fv2%2Fmedia&parent=10203"}],"wp:term":[{"taxonomy":"category","embeddable":true,"href":"https:\/\/iif.gdu.edu.az\/index.php?rest_route=%2Fwp%2Fv2%2Fcategories&post=10203"},{"taxonomy":"post_tag","embeddable":true,"href":"https:\/\/iif.gdu.edu.az\/index.php?rest_route=%2Fwp%2Fv2%2Ftags&post=10203"}],"curies":[{"name":"wp","href":"https:\/\/api.w.org\/{rel}","templated":true}]}}