{"id":11184,"date":"2026-02-10T09:30:25","date_gmt":"2026-02-10T07:30:25","guid":{"rendered":"http:\/\/iif.gdu.edu.az\/?page_id=11184"},"modified":"2026-02-11T21:35:52","modified_gmt":"2026-02-11T19:35:52","slug":"mayis-gulali-oglu-gulaliyev","status":"publish","type":"page","link":"https:\/\/iif.gdu.edu.az\/?page_id=11184","title":{"rendered":"May\u0131s G\u00fclal\u0131 o\u011flu G\u00fclal\u0131yev"},"content":{"rendered":"\n<figure class=\"wp-block-image size-large is-resized\"><img loading=\"lazy\" decoding=\"async\" src=\"https:\/\/iif.gdu.edu.az\/wp-content\/uploads\/2026\/02\/\u0421\u043d\u0438\u043c\u043e\u043a-6.png\" alt=\"\" class=\"wp-image-11186\" width=\"373\" height=\"375\"\/><\/figure>\n\n\n\n<p><strong>QISA B\u0130OQRAF\u0130K M\u018fLUMAT<\/strong>:<\/p>\n\n\n\n<p>17 Oktyabr 1960-c\u0131 ild\u0259 Az\u0259rbaycan Respublikas\u0131  \u015eamax\u0131 rayonu M\u0259lik\u00e7oban\u0131 k\u0259ndind\u0259 anadan olub.<\/p>\n\n\n\n<p><strong>Telefon:<\/strong> +99450 3344491<\/p>\n\n\n\n<p><strong>E-mail:<\/strong> <a href=\"mailto:mayis_gulaliyev@yahoo.com\">mayis_gulaliyev@yahoo.com<\/a><\/p>\n\n\n\n<p><strong>T\u018fHS\u0130L\u0130, ELM\u0130 D\u018fR\u018fC\u018fS\u0130 V\u018f ELM\u0130 ADLARI<\/strong>:<\/p>\n\n\n\n<p>1978-ci ild\u0259 \u015eamax\u0131 rayonu \u00c7arhan k\u0259nd orta m\u0259kt\u0259bini bitirib. Az\u0259rbaycan (indiki Bak\u0131) D\u00f6vl\u0259t Universiteti, fizika fak\u00fclt\u0259si, 1984-c\u00fc ild\u0259&nbsp; bitirmi\u015fdir.<\/p>\n\n\n\n<p>1991-ci ild\u0259 AMEA F\u0259ls\u0259f\u0259 v\u0259 H\u00fcquq \u0130nstitutunda &nbsp;f\u0259ls\u0259f\u0259 elml\u0259ri namiz\u0259di elmi d\u0259r\u0259c\u0259si alm\u0131\u015fd\u0131r<\/p>\n\n\n\n<p>2017-ci ild\u0259 Az\u0259rbaycan Respublikas\u0131 Prezidenti Yaninda Ali Attestasiya Komissiyas\u0131 t\u0259r\u0259find\u0259n \u201cD\u00fcnya iqtisadiyyat\u0131\u201d \u00fczr\u0259 dosent elmi ad\u0131 alm\u0131\u015fd\u0131r;<\/p>\n\n\n\n<p>2021-ci ild\u0259 Az\u0259rbaycan Respublikas\u0131 Prezidenti Yaninda Ali Attestasiya Komissiyas\u0131 t\u0259r\u0259find\u0259n \u0130qtisadi elml\u0259r doktoru elmi d\u0259r\u0259c\u0259si alm\u0131\u015fd\u0131r;<\/p>\n\n\n\n<p><strong>\u018fM\u018fK F\u018fAL\u0130YY\u018fT\u0130<\/strong>:<\/p>\n\n\n\n<p>1984 avqust-1984 noyabr \u015eamax\u0131 r-n \u00c7ayl\u0131 k\u0259nd orta m\u0259kt\u0259bind\u0259 m\u00fc\u0259llim;<\/p>\n\n\n\n<p>1985-1986-ill\u0259rd\u0259 119 sayl\u0131 Texniki-Pe\u015f\u0259 m\u0259kt\u0259bind\u0259 azad komsomol komit\u0259si katibi \u015eamax\u0131 \u015f\u0259h\u0259ri<\/p>\n\n\n\n<p>1986-1987-ci ill\u0259rd\u0259 Az\u0259rbaycan Su Layih\u0259 \u0130nstitutunda m\u00fch\u0259ndis-proqram\u00e7\u0131 (Bak\u0131 \u015f\u0259h\u0259ri);<\/p>\n\n\n\n<p>1987-1989-ci ill\u0259rd\u0259 Ke\u00e7mi\u015f Sovet Ordusu s\u0131ralar\u0131nda rota komandiri m\u00fcavini (Qazax\u0131stan, Leninsk \u015f\u0259h\u0259ri);<\/p>\n\n\n\n<p>1989-1992-ci ill\u0259rd\u0259 Moskva Aviasiya \u0130nstitutunun \u201cVosxod\u201d filial\u0131nda ba\u015f m\u00fc\u0259llim (Qazax\u0131stan, Leninsk \u015f\u0259h\u0259ri)<\/p>\n\n\n\n<p>1992-1994-c\u00fc ill\u0259rd\u0259 \u201cAzerbaijan\u201d Universitetind\u0259 dosent &nbsp;(Baku \u015f)<\/p>\n\n\n\n<p>1994-2000-ci ill\u0259rd\u0259 \u201cMM\u201d Elm-istehsalat m\u00fc\u0259ssis\u0259sind\u0259 Elmi m\u0259sl\u0259h\u0259t\u00e7i (Bak\u0131 \u015f)<\/p>\n\n\n\n<p>2000-2001-ci ill\u0259rd\u0259 Bak\u0131 Biznes Universitetind\u0259 ba\u015f m\u00fc\u0259llim (Bak\u0131 \u015f.)<\/p>\n\n\n\n<p>2001-2009-cu ill\u0259rd\u0259 V\u0259t\u0259nda\u015f T\u0259\u015f\u0259bb\u00fcsl\u0259ri M\u0259rk\u0259zind\u0259 president, ba\u015f redaktor (Bak\u0131 \u015f);<\/p>\n\n\n\n<p>2009-2022-ci ill\u0259rd\u0259 AMEA-n\u0131n \u0130qtisadiyyat \u0130nstitutunda b\u00f6y\u00fck elmi i\u015f\u00e7i, apar\u0131c\u0131 elmi i\u015f\u00e7i, \u015f\u00f6b\u0259 m\u00fcdiri (Bak\u0131 \u015f)<\/p>\n\n\n\n<p>2017-2018-ci ill\u0259rd\u0259 Az\u0259rbaycan Turizm v\u0259 Menecment Universitetind\u0259 dosent (0.5 \u015ftat) (Bak\u0131 \u015f);<\/p>\n\n\n\n<p>2020-2021-ci ill\u0259rd\u0259 Ming\u0259\u00e7evir D\u00f6vl\u0259t Universitetind\u0259 dosent (0.5 \u015ftat) (Ming\u0259\u00e7evir \u015f)<\/p>\n\n\n\n<p>2020- indiy\u0259 q\u0259d\u0259r Az\u0259rbaycan D\u00f6vl\u0259t \u0130qtisad Universiteti&nbsp; \u201cSABAH\u201d qruplar\u0131nda dosent, universitetin t\u0259dqiqat m\u0259rk\u0259zind\u0259 t\u0259dqiqat\u015f\u0131 (Bak\u0131 \u015f);<\/p>\n\n\n\n<p>2022-2023-c\u00fc ill\u0259rd\u0259 Az\u0259rbaycan Texnologiya Universitetind\u0259 rektorun elm v\u0259 xarici \u0259laq\u0259l\u0259r \u00fczr\u0259 m\u00fc\u015faviri, &nbsp;Elm v\u0259 innovasiya \u00fczr\u0259 prorektoru (G\u0259nc\u0259 \u015f);<\/p>\n\n\n\n<p>2023 oktyabr-2023 dekabrda Q\u0259rbi Kaspi Universitetind\u0259 Elmi \u0130\u015fl\u0259r v\u0259 \u0130nnovasiyalar \u00fczr\u0259 Komissiya S\u0259dri (Bak\u0131 \u015f);<\/p>\n\n\n\n<p>10 Yanvar 2024-haz\u0131rda G\u0259nc\u0259 D\u00f6vl\u0259t Universitetinin \u201cMenecment v\u0259 turizm i\u015fi\u201d kafedras\u0131nda dosent (G\u0259nc\u0259 \u015f);<\/p>\n\n\n\n<p><strong>ELM\u0130 \u018fS\u018fRL\u018fR\u0130<\/strong>:<\/p>\n\n\n\n<p>100 \u2013 d\u0259n cox elmi \u0259s\u0259rin m\u00fc\u0259llifidir. Onlardan 18 elmi m\u0259qal\u0259 SCOPUS v\u0259 Clarivate bazas\u0131na daxil olan jurnallarda d\u0259rc edilmi\u015fdir.<\/p>\n\n\n\n<p><strong>BEYN\u018fLXALQ V\u018f RESPUBL\u0130KA S\u0130MPOZ\u0130UM V\u018f KONFRANSLARDA \u0130\u015eT\u0130RAKI<\/strong>:<\/p>\n\n\n\n<p> 30-dan \u00e7ox&nbsp; respublika v\u0259 beyn\u0259lxalq konfransda i\u015ftirak etmi\u015fdir.<\/p>\n\n\n\n<p><strong>D\u0130L B\u0130LG\u0130S\u0130:<\/strong> Az\u0259rbaycan (ana dili) &#8211; s\u0259rb\u0259st; Rus dili-&nbsp; s\u0259rb\u0259st ; \u0130ngilis dili \u2013 s\u0259rb\u0259st<\/p>\n\n\n\n<p><strong>PART\u0130YALILI\u011eI:<\/strong> YAP-\u0131n \u00fczv\u00fcdur<\/p>\n\n\n\n<p><strong>T\u018fDQ\u0130QAT SAH\u018fS\u0130 :<\/strong> &nbsp;mikroekonomiks; makroekonomiks; ekonometrika; menecment; marketing; d\u00fcnya iqtisadiyyat\u0131.<\/p>\n\n\n\n<p><\/p>\n","protected":false},"excerpt":{"rendered":"<p>QISA B\u0130OQRAF\u0130K M\u018fLUMAT: 17 Oktyabr 1960-c\u0131 ild\u0259 Az\u0259rbaycan Respublikas\u0131 \u015eamax\u0131 rayonu M\u0259lik\u00e7oban\u0131 k\u0259ndind\u0259 anadan olub. Telefon: +99450 3344491 E-mail: mayis_gulaliyev@yahoo.com T\u018fHS\u0130L\u0130, ELM\u0130 D\u018fR\u018fC\u018fS\u0130 V\u018f ELM\u0130 ADLARI: 1978-ci ild\u0259 \u015eamax\u0131 rayonu \u00c7arhan k\u0259nd orta m\u0259kt\u0259bini bitirib. Az\u0259rbaycan (indiki Bak\u0131) D\u00f6vl\u0259t Universiteti, fizika fak\u00fclt\u0259si, 1984-c\u00fc ild\u0259&nbsp; bitirmi\u015fdir. 1991-ci ild\u0259 AMEA F\u0259ls\u0259f\u0259 v\u0259 H\u00fcquq \u0130nstitutunda &nbsp;f\u0259ls\u0259f\u0259 elml\u0259ri namiz\u0259di [&hellip;]<\/p>\n","protected":false},"author":8,"featured_media":0,"parent":0,"menu_order":0,"comment_status":"closed","ping_status":"closed","template":"","meta":{"footnotes":""},"categories":[],"tags":[],"class_list":["post-11184","page","type-page","status-publish","hentry"],"_links":{"self":[{"href":"https:\/\/iif.gdu.edu.az\/index.php?rest_route=\/wp\/v2\/pages\/11184","targetHints":{"allow":["GET"]}}],"collection":[{"href":"https:\/\/iif.gdu.edu.az\/index.php?rest_route=\/wp\/v2\/pages"}],"about":[{"href":"https:\/\/iif.gdu.edu.az\/index.php?rest_route=\/wp\/v2\/types\/page"}],"author":[{"embeddable":true,"href":"https:\/\/iif.gdu.edu.az\/index.php?rest_route=\/wp\/v2\/users\/8"}],"replies":[{"embeddable":true,"href":"https:\/\/iif.gdu.edu.az\/index.php?rest_route=%2Fwp%2Fv2%2Fcomments&post=11184"}],"version-history":[{"count":3,"href":"https:\/\/iif.gdu.edu.az\/index.php?rest_route=\/wp\/v2\/pages\/11184\/revisions"}],"predecessor-version":[{"id":11383,"href":"https:\/\/iif.gdu.edu.az\/index.php?rest_route=\/wp\/v2\/pages\/11184\/revisions\/11383"}],"wp:attachment":[{"href":"https:\/\/iif.gdu.edu.az\/index.php?rest_route=%2Fwp%2Fv2%2Fmedia&parent=11184"}],"wp:term":[{"taxonomy":"category","embeddable":true,"href":"https:\/\/iif.gdu.edu.az\/index.php?rest_route=%2Fwp%2Fv2%2Fcategories&post=11184"},{"taxonomy":"post_tag","embeddable":true,"href":"https:\/\/iif.gdu.edu.az\/index.php?rest_route=%2Fwp%2Fv2%2Ftags&post=11184"}],"curies":[{"name":"wp","href":"https:\/\/api.w.org\/{rel}","templated":true}]}}