{"id":11211,"date":"2026-02-10T09:59:52","date_gmt":"2026-02-10T07:59:52","guid":{"rendered":"http:\/\/iif.gdu.edu.az\/?page_id=11211"},"modified":"2026-02-10T18:55:19","modified_gmt":"2026-02-10T16:55:19","slug":"elnur%c9%99-misir-qizi-xudaverdiyeva","status":"publish","type":"page","link":"https:\/\/iif.gdu.edu.az\/?page_id=11211","title":{"rendered":"Elnur\u0259 Misir q\u0131z\u0131 Xudaverdiyeva"},"content":{"rendered":"\n<figure class=\"wp-block-image size-large\"><img loading=\"lazy\" decoding=\"async\" width=\"294\" height=\"378\" src=\"https:\/\/iif.gdu.edu.az\/wp-content\/uploads\/2026\/02\/s\u0131.png\" alt=\"\" class=\"wp-image-11212\"\/><\/figure>\n\n\n\n<p><strong>QISA B\u0130OQRAF\u0130K M\u018fLUMAT<\/strong>:<\/p>\n\n\n\n<p>14 aprel 1980-ci ild\u0259 G\u0259nc\u0259 \u015f\u0259h\u0259rind\u0259 ziyal\u0131 ail\u0259sind\u0259 anadan olub.<strong><\/strong><\/p>\n\n\n\n<p>Evlidir. 2 \u00f6vlad\u0131 var.\u00a0 <\/p>\n\n\n\n<p><strong>Telefon<\/strong>: +994556049794&nbsp;&nbsp;&nbsp;&nbsp;<\/p>\n\n\n\n<p><strong>E-mail<\/strong>: elnura_israfilova@mail.ru<\/p>\n\n\n\n<p><strong>T\u018fHS\u0130L\u0130, ELM\u0130 D\u018fR\u018fC\u018fS\u0130 V\u018f ELM\u0130 ADLARI<\/strong>:<\/p>\n\n\n\n<p>1997-ci ild\u0259 G\u0259nc\u0259 \u015f\u0259h\u0259ri Mir C\u0259lal Pa\u015fayev ad\u0131na 39 sayl\u0131 tam orta m\u0259kt\u0259bi bitirib.<\/p>\n\n\n\n<p>2001-ci ild\u0259 Az\u0259rbaycan D\u00f6vl\u0259t Aqrar Universitetinin Aqrar \u0130qtisadiyyat fak\u00fclt\u0259sinin Aqrar istehsalat\u0131n iqtisadiyyat\u0131 v\u0259 idar\u0259edilm\u0259si ixtisas\u0131 \u00fczr\u0259 bakalavr pill\u0259sini bitirib.<\/p>\n\n\n\n<p>2003-c\u00fc ild\u0259 Az\u0259rbaycan D\u00f6vl\u0259t Aqrar Universitetinin Aqrar \u0130qtisadiyyat fak\u00fclt\u0259sinin \u0130stehsalat v\u0259 xidm\u0259t sah\u0259l\u0259rinin iqtisadiyyat\u0131 v\u0259 idar\u0259 edilm\u0259si\u201d ixtisas\u0131 \u00fczr\u0259 magistr pill\u0259sini bitirib.<\/p>\n\n\n\n<p>AAK-\u0131n 26.05.22-ci il tarixli q\u0259rar\u0131 il\u0259 5308.01 &#8211; \u201c\u00dcmumi \u0130qtisadiyyat\u201d ixtisas\u0131nda iqtisad elml\u0259ri elm sah\u0259si \u00fczr\u0259 f\u0259ls\u0259f\u0259 doktoru elm d\u0259r\u0259c\u0259si ad\u0131 verilib.<\/p>\n\n\n\n<p><strong>\u018fM\u018fK F\u018fAL\u0130YY\u018fT\u0130<\/strong>:<\/p>\n\n\n\n<p>2011-ci ild\u0259n G\u0259nc\u0259 D\u00f6vl\u0259t Universitetinin \u0130qtisadiyyat v\u0259 \u0130dar\u0259etm\u0259 fak\u00fclt\u0259sind\u0259 m\u00fc\u0259llim kimi \u00e7al\u0131\u015f\u0131r.<\/p>\n\n\n\n<p><strong>BEYN\u018fLXALQ SEM\u0130NAR, S\u0130MPOZ\u0130UM V\u018f KONFRANSLARDA \u0130\u015eT\u0130RAKI<\/strong>:<\/p>\n\n\n\n<p>Beyn\u0259lxalq v\u0259 respublika elmi konfranslarda m\u00fcxt\u0259lif m\u00f6vzulu m\u0259ruz\u0259l\u0259rl\u0259 \u00e7\u0131x\u0131\u015f etmi\u015fdir.<\/p>\n\n\n\n<p><strong><br>ELM\u0130 \u018fS\u018fRL\u018fR\u0130<\/strong>:<\/p>\n\n\n\n<p>50-d\u0259n \u00e7ox elmi \u0259s\u0259rin m\u00fc\u0259llifidir.<\/p>\n\n\n\n<p><strong>Dil bilgisi: <\/strong>az\u0259rbaycan, ingilis, rus<\/p>\n\n\n\n<p><strong>Partiyal\u0131\u011f\u0131:<\/strong> YAP<\/p>\n","protected":false},"excerpt":{"rendered":"<p>QISA B\u0130OQRAF\u0130K M\u018fLUMAT: 14 aprel 1980-ci ild\u0259 G\u0259nc\u0259 \u015f\u0259h\u0259rind\u0259 ziyal\u0131 ail\u0259sind\u0259 anadan olub. Evlidir. 2 \u00f6vlad\u0131 var.\u00a0 Telefon: +994556049794&nbsp;&nbsp;&nbsp;&nbsp; E-mail: elnura_israfilova@mail.ru T\u018fHS\u0130L\u0130, ELM\u0130 D\u018fR\u018fC\u018fS\u0130 V\u018f ELM\u0130 ADLARI: 1997-ci ild\u0259 G\u0259nc\u0259 \u015f\u0259h\u0259ri Mir C\u0259lal Pa\u015fayev ad\u0131na 39 sayl\u0131 tam orta m\u0259kt\u0259bi bitirib. 2001-ci ild\u0259 Az\u0259rbaycan D\u00f6vl\u0259t Aqrar Universitetinin Aqrar \u0130qtisadiyyat fak\u00fclt\u0259sinin Aqrar istehsalat\u0131n iqtisadiyyat\u0131 v\u0259 idar\u0259edilm\u0259si [&hellip;]<\/p>\n","protected":false},"author":8,"featured_media":0,"parent":0,"menu_order":0,"comment_status":"closed","ping_status":"closed","template":"","meta":{"footnotes":""},"categories":[],"tags":[],"class_list":["post-11211","page","type-page","status-publish","hentry"],"_links":{"self":[{"href":"https:\/\/iif.gdu.edu.az\/index.php?rest_route=\/wp\/v2\/pages\/11211","targetHints":{"allow":["GET"]}}],"collection":[{"href":"https:\/\/iif.gdu.edu.az\/index.php?rest_route=\/wp\/v2\/pages"}],"about":[{"href":"https:\/\/iif.gdu.edu.az\/index.php?rest_route=\/wp\/v2\/types\/page"}],"author":[{"embeddable":true,"href":"https:\/\/iif.gdu.edu.az\/index.php?rest_route=\/wp\/v2\/users\/8"}],"replies":[{"embeddable":true,"href":"https:\/\/iif.gdu.edu.az\/index.php?rest_route=%2Fwp%2Fv2%2Fcomments&post=11211"}],"version-history":[{"count":2,"href":"https:\/\/iif.gdu.edu.az\/index.php?rest_route=\/wp\/v2\/pages\/11211\/revisions"}],"predecessor-version":[{"id":11334,"href":"https:\/\/iif.gdu.edu.az\/index.php?rest_route=\/wp\/v2\/pages\/11211\/revisions\/11334"}],"wp:attachment":[{"href":"https:\/\/iif.gdu.edu.az\/index.php?rest_route=%2Fwp%2Fv2%2Fmedia&parent=11211"}],"wp:term":[{"taxonomy":"category","embeddable":true,"href":"https:\/\/iif.gdu.edu.az\/index.php?rest_route=%2Fwp%2Fv2%2Fcategories&post=11211"},{"taxonomy":"post_tag","embeddable":true,"href":"https:\/\/iif.gdu.edu.az\/index.php?rest_route=%2Fwp%2Fv2%2Ftags&post=11211"}],"curies":[{"name":"wp","href":"https:\/\/api.w.org\/{rel}","templated":true}]}}