{"id":11259,"date":"2026-02-10T17:47:32","date_gmt":"2026-02-10T15:47:32","guid":{"rendered":"http:\/\/iif.gdu.edu.az\/?page_id=11259"},"modified":"2026-02-10T20:09:38","modified_gmt":"2026-02-10T18:09:38","slug":"v%c9%99fa-isa-qizi-m%c9%99mm%c9%99dova","status":"publish","type":"page","link":"https:\/\/iif.gdu.edu.az\/?page_id=11259","title":{"rendered":"V\u0259fa \u0130sa q\u0131z\u0131  M\u0259mm\u0259dova"},"content":{"rendered":"\n<figure class=\"wp-block-image size-large\"><img loading=\"lazy\" decoding=\"async\" width=\"276\" height=\"356\" src=\"https:\/\/iif.gdu.edu.az\/wp-content\/uploads\/2026\/02\/c-1.png\" alt=\"\" class=\"wp-image-11260\"\/><\/figure>\n\n\n\n<p class=\"has-text-align-left\"><strong>QISA B\u0130OQRAF\u0130K M\u018fLUMAT<\/strong>:<\/p>\n\n\n\n<p>M\u0259mm\u0259dova V\u0259fa \u0130sa q\u0131z\u0131 1973-c\u00fc il iyul ay\u0131n\u0131n 21-d\u0259 G\u0259nc\u0259 \u015f\u0259h\u0259rind\u0259 anadan olmu\u015fdur.<\/p>\n\n\n\n<p><strong>Telefon: <\/strong>050-972-94-81<\/p>\n\n\n\n<p><strong>E-mail: <\/strong><a href=\"mailto:vefamemmedova.2016@gmail.com\">vefamemmedova.2016@gmail.com<\/a><\/p>\n\n\n\n<p class=\"has-text-align-left\"><strong>T\u018fHS\u0130L\u0130, ELM\u0130 D\u018fR\u018fC\u018fS\u0130 V\u018f ELM\u0130 ADLARI<\/strong>:<\/p>\n\n\n\n<p>1990-c\u0131 ild\u0259 G\u0259nc\u0259 \u015f\u0259h\u0259r 38 sayl\u0131 orta m\u0259kt\u0259bi bitirmi\u015fdir. <\/p>\n\n\n\n<p>El\u0259 h\u0259min ild\u0259 d\u0259 Az\u0259rbaycan K\u0259nd T\u0259s\u0259rr\u00fcfat\u0131 Akademiyas\u0131na daxil olmu\u015f v\u0259 1995-ci ild\u0259 M\u00fchasibat u\u00e7otu, n\u0259zar\u0259t v\u0259 t\u0259s\u0259rr\u00fcfat f\u0259aliyy\u0259tinin t\u0259hlili ixtisas\u0131 \u00fczr\u0259 tam kursu bitirmi\u015fdir.&nbsp;&nbsp;<\/p>\n\n\n\n<p>D\u00f6vl\u0259t imtahan komissiyas\u0131n\u0131n 17.06.1995-ci il tarixli q\u0259rar\u0131 il\u0259 ona M\u00fchasibat u\u00e7otu v\u0259 maliyy\u0259 \u00fczr\u0259 iqtisad\u00e7\u0131 ixtisas\u0131 verilmi\u015fdir. Ali t\u0259hsilini ba\u015fa vurduqdan sonra bir m\u00fcdd\u0259t G\u0259nc\u0259 \u015f\u0259h\u0259ri Nizami rayon G\u0259ncl\u0259r v\u0259 \u0130dman T\u0259\u015fkilat\u0131nda m\u00fchasib v\u0259zif\u0259sind\u0259 \u00e7al\u0131\u015fm\u0131\u015fd\u0131r. <\/p>\n\n\n\n<p>1996-1997-ci ill\u0259rd\u0259 G\u0259nc\u0259 Elektron S\u0259naye Texnikumunda m\u00fc\u0259llim v\u0259zif\u0259sind\u0259 \u00e7al\u0131\u015fm\u0131\u015fd\u0131r. <\/p>\n\n\n\n<p>1997-ci ild\u0259n G\u0259nc\u0259 D\u00f6vl\u0259t Universitetinin \u0130qtisadiyyat v\u0259 \u0130dar\u0259etm\u0259 fak\u00fclt\u0259sinin \u0130qtisadiyyat kafedras\u0131nda m\u00fc\u0259llim v\u0259zif\u0259sin\u0259 t\u0259yin edilmi\u015fdir. <\/p>\n\n\n\n<p>2000-ci ild\u0259n Universitet Elmi \u015euras\u0131n\u0131n q\u0259rar\u0131 il\u0259 \u0130qtisadiyyat kafedras\u0131nda bo\u015f olan ba\u015f m\u00fc\u0259llim v\u0259zif\u0259sin\u0259 se\u00e7ilmi\u015fdir.<\/p>\n\n\n\n<p class=\"has-text-align-left\"><strong>\u018fM\u018fK F\u018fAL\u0130YY\u018fT\u0130<\/strong>:<\/p>\n\n\n\n<p>1995-ci ild\u0259 Nizami rayon \u0130cra hakimiyy\u0259tind\u0259 G\u0259ncl\u0259r v\u0259 \u0130dman t\u0259\u015fkilat\u0131nda ba\u015f m\u00fchasib \u00e7al\u0131\u015fm\u0131\u015fd\u0131r. <\/p>\n\n\n\n<p>1996-1997-ci il\u0259 q\u0259d\u0259r Elektron S\u0259naye Texnikumunda saat hesabi il\u0259 m\u00fc\u0259llim i\u015fl\u0259mi\u015fdir. 1997-ci ild\u0259n G\u0259nc\u0259 D\u00f6vl\u0259t Universitetinin &#8220;\u0130qtisadiyyat v\u0259 \u0130dar\u0259etm\u0259&#8221; fak\u00fclt\u0259sinin \u0130qtisadiyyat kafedras\u0131nda m\u00fc\u0259llim v\u0259zif\u0259sin\u0259 t\u0259yin edilmi\u015fdir. <\/p>\n\n\n\n<p>2000-ci ild\u0259n Universitet Elmi \u015euras\u0131n\u0131n q\u0259rar\u0131 il\u0259 \u0130qtisadiyyat kafedras\u0131nda bo\u015f olan ba\u015f m\u00fc\u0259llim v\u0259zif\u0259sin\u0259 se\u00e7ilmi\u015fdir. <\/p>\n\n\n\n<p>2016-2019-cu il\u0259rd\u0259 &#8220;\u0130qtisadiyyat v\u0259 \u0130dar\u0259etm\u0259&#8221; fak\u00fclt\u0259sind\u0259 t\u0259rbiy\u0259 i\u015fl\u0259ri \u00fczr\u0259 dekan m\u00fcavini v\u0259zif\u0259sind\u0259 \u00e7al\u0131\u015fm\u0131\u015fd\u0131r. <\/p>\n\n\n\n<p>2019-ci ild\u0259n Menecment v\u0259 Turizm i\u015fi kafedras\u0131nda ba\u015f m\u00fc\u0259llim v\u0259zif\u0259sind\u0259 \u00e7al\u0131\u015f\u0131r.<\/p>\n\n\n\n<p class=\"has-text-align-left\"><strong>T\u018fQD\u0130MAT SAH\u018fS\u0130<\/strong>:<\/p>\n\n\n\n<p>Menecment v\u0259 turizm i\u015fi kafedras\u0131n\u0131n ba\u015f m\u00fc\u0259llimi.<\/p>\n\n\n\n<p class=\"has-text-align-left\"><strong>BEYN\u018fLXALQ SEM\u0130NAR, S\u0130MPOZ\u0130UM V\u018f KONFRANSLARDA \u0130\u015eT\u0130RAKI<\/strong>:<\/p>\n\n\n\n<p>Az\u0259rbaycanda v\u0259 xarici \u00f6lk\u0259l\u0259rd\u0259 d\u0259rc olunan 60-dan \u00e7ox elmi \u0259s\u0259rin m\u00fc\u0259llifidir.<\/p>\n\n\n\n<p><strong>D\u0130L B\u0130LG\u0130S\u0130: <\/strong>az\u0259rbaycan, rus, alman.<\/p>\n\n\n\n<p><strong>PART\u0130YALILI\u011eI:<\/strong> 2000-ci ild\u0259n YAP \u00fczv\u00fcd\u00fcr.<\/p>\n","protected":false},"excerpt":{"rendered":"<p>QISA B\u0130OQRAF\u0130K M\u018fLUMAT: M\u0259mm\u0259dova V\u0259fa \u0130sa q\u0131z\u0131 1973-c\u00fc il iyul ay\u0131n\u0131n 21-d\u0259 G\u0259nc\u0259 \u015f\u0259h\u0259rind\u0259 anadan olmu\u015fdur. Telefon: 050-972-94-81 E-mail: vefamemmedova.2016@gmail.com T\u018fHS\u0130L\u0130, ELM\u0130 D\u018fR\u018fC\u018fS\u0130 V\u018f ELM\u0130 ADLARI: 1990-c\u0131 ild\u0259 G\u0259nc\u0259 \u015f\u0259h\u0259r 38 sayl\u0131 orta m\u0259kt\u0259bi bitirmi\u015fdir. El\u0259 h\u0259min ild\u0259 d\u0259 Az\u0259rbaycan K\u0259nd T\u0259s\u0259rr\u00fcfat\u0131 Akademiyas\u0131na daxil olmu\u015f v\u0259 1995-ci ild\u0259 M\u00fchasibat u\u00e7otu, n\u0259zar\u0259t v\u0259 t\u0259s\u0259rr\u00fcfat f\u0259aliyy\u0259tinin t\u0259hlili [&hellip;]<\/p>\n","protected":false},"author":8,"featured_media":0,"parent":0,"menu_order":0,"comment_status":"closed","ping_status":"closed","template":"","meta":{"footnotes":""},"categories":[],"tags":[],"class_list":["post-11259","page","type-page","status-publish","hentry"],"_links":{"self":[{"href":"https:\/\/iif.gdu.edu.az\/index.php?rest_route=\/wp\/v2\/pages\/11259","targetHints":{"allow":["GET"]}}],"collection":[{"href":"https:\/\/iif.gdu.edu.az\/index.php?rest_route=\/wp\/v2\/pages"}],"about":[{"href":"https:\/\/iif.gdu.edu.az\/index.php?rest_route=\/wp\/v2\/types\/page"}],"author":[{"embeddable":true,"href":"https:\/\/iif.gdu.edu.az\/index.php?rest_route=\/wp\/v2\/users\/8"}],"replies":[{"embeddable":true,"href":"https:\/\/iif.gdu.edu.az\/index.php?rest_route=%2Fwp%2Fv2%2Fcomments&post=11259"}],"version-history":[{"count":4,"href":"https:\/\/iif.gdu.edu.az\/index.php?rest_route=\/wp\/v2\/pages\/11259\/revisions"}],"predecessor-version":[{"id":11355,"href":"https:\/\/iif.gdu.edu.az\/index.php?rest_route=\/wp\/v2\/pages\/11259\/revisions\/11355"}],"wp:attachment":[{"href":"https:\/\/iif.gdu.edu.az\/index.php?rest_route=%2Fwp%2Fv2%2Fmedia&parent=11259"}],"wp:term":[{"taxonomy":"category","embeddable":true,"href":"https:\/\/iif.gdu.edu.az\/index.php?rest_route=%2Fwp%2Fv2%2Fcategories&post=11259"},{"taxonomy":"post_tag","embeddable":true,"href":"https:\/\/iif.gdu.edu.az\/index.php?rest_route=%2Fwp%2Fv2%2Ftags&post=11259"}],"curies":[{"name":"wp","href":"https:\/\/api.w.org\/{rel}","templated":true}]}}