{"id":11293,"date":"2026-02-10T18:12:03","date_gmt":"2026-02-10T16:12:03","guid":{"rendered":"http:\/\/iif.gdu.edu.az\/?page_id=11293"},"modified":"2026-02-10T18:12:03","modified_gmt":"2026-02-10T16:12:03","slug":"m%c9%99tan%c9%99t-r%c9%99hman-qizi-ismayilova","status":"publish","type":"page","link":"https:\/\/iif.gdu.edu.az\/?page_id=11293","title":{"rendered":"M\u0259tan\u0259t R\u0259hman q\u0131z\u0131 \u0130smay\u0131lova"},"content":{"rendered":"\n<figure class=\"wp-block-image size-large is-resized\"><img loading=\"lazy\" decoding=\"async\" src=\"https:\/\/iif.gdu.edu.az\/wp-content\/uploads\/2026\/02\/mt.png\" alt=\"\" class=\"wp-image-11294\" width=\"407\" height=\"518\"\/><\/figure>\n\n\n\n<p><strong>QISA B\u0130OQRAF\u0130K M\u018fLUMAT<\/strong><\/p>\n\n\n\n<p>2 mart 1996-c\u0131 ild\u0259 \u015eirvan \u015f\u0259h\u0259rind\u0259 anadan olub. Evlidir.<\/p>\n\n\n\n<p><strong>Telefon: <\/strong>+994557649769<\/p>\n\n\n\n<p><strong>E-mail: <\/strong>metanetvelizade96@gmail.com<\/p>\n\n\n\n<p><strong>T\u018fHS\u0130L\u0130, ELM\u0130 D\u018fR\u018fC\u018fS\u0130 V\u018f ELM\u0130 ADLARI<\/strong><\/p>\n\n\n\n<p>2013-c\u00fc ild\u0259 \u015eirvan \u015f\u0259h\u0259ri 9 sayl\u0131 tam orta m\u0259kt\u0259bi bitirib.<\/p>\n\n\n\n<p>2017- ci ild\u0259 Az\u0259rbaycan D\u00f6vl\u0259t \u0130qtisad Universitetinin Biznes inzibat\u00e7\u0131l\u0131\u011f\u0131 fakult\u0259sinin \u201cBiznesin idar\u0259 edilm\u0259si\u201d ixtisas\u0131 \u00fczr\u0259 bakalavr pill\u0259sini bitirib. 2019- cu ild\u0259 Bak\u0131 D\u00f6vl\u0259t Universitetinin \u0130qtisadiyyat fakult\u0259sinin \u201c\u0130qtisadiyyat\u0131n h\u00fcquqi t\u0259nziml\u0259nm\u0259si\u201d ixtisas\u0131 \u00fczr\u0259 magistr pill\u0259sini bitirib. Hal-haz\u0131rda G\u0259nc\u0259 D\u00f6vl\u0259t Universitetinin 5308.01 \u2013 \u201c\u00dcmumi \u0130qtisadiyyat \u201c ixtisas\u0131 \u00fczr\u0259 dissertant t\u0259hsil al\u0131r.<\/p>\n\n\n\n<p><strong>\u018fM\u018fK F\u018fAL\u0130YY\u018fT\u0130<\/strong><\/p>\n\n\n\n<p>2022- ci ild\u0259n G\u0259nc\u0259 D\u00f6vl\u0259t Universitetinin Menecment v\u0259 turizm i\u015finin t\u0259\u015fkili kafedras\u0131nda m\u00fc\u0259llim kimi \u00e7al\u0131\u015f\u0131r.<\/p>\n\n\n\n<p>Bakalavr pill\u0259sind\u0259 marketinq, turizm marketinqi, strateji marketinq f\u0259nl\u0259rini apar\u0131r.<\/p>\n\n\n\n<p>2 sillabus v\u0259 2 d\u0259rs proqram\u0131n\u0131n m\u00fc\u0259llifidir.<\/p>\n\n\n\n<p><strong>T\u018fDQ\u0130QAT SAH\u018fS\u0130<\/strong><\/p>\n\n\n\n<p>\u201cAz\u0259rbaycan Resbublikas\u0131nda G\u0259nc\u0259-Da\u015fk\u0259s\u0259n iqtisadi rayonunda ki\u00e7ik sahibkarl\u0131\u011f\u0131n inki\u015faf perspektivl\u0259ri\u201d adl\u0131 elmi i\u015finin \u00fcz\u0259rind\u0259 \u00e7al\u0131\u015f\u0131r.<\/p>\n\n\n\n<p><strong>ELM\u0130 \u018fS\u018fRL\u018fR\u0130<\/strong><\/p>\n\n\n\n<p>4 m\u0259qal\u0259nin m\u00fc\u0259llifidir.<\/p>\n\n\n\n<p><strong>BEYN\u018fLXALQ V\u018f RESPUBL\u0130KA S\u0130MPOZ\u0130UM V\u018f KONFRANSLARDA \u0130\u015eT\u0130RAKI<\/strong><\/p>\n\n\n\n<p>Az\u0259rbaycan Respublikas\u0131nda ke\u00e7irilmi\u015f beyn\u0259lxalq v\u0259 respublika elmi konfranslarda i\u015ftirak etmi\u015fdir.<\/p>\n\n\n\n<p><strong>D\u0130L B\u0130LG\u0130S\u0130: <\/strong>Az\u0259rbaycan, t\u00fcrk, ingilis<\/p>\n\n\n\n<p><strong>PART\u0130YALILI\u011eI : <\/strong>Yoxdur<\/p>\n","protected":false},"excerpt":{"rendered":"<p>QISA B\u0130OQRAF\u0130K M\u018fLUMAT 2 mart 1996-c\u0131 ild\u0259 \u015eirvan \u015f\u0259h\u0259rind\u0259 anadan olub. Evlidir. Telefon: +994557649769 E-mail: metanetvelizade96@gmail.com T\u018fHS\u0130L\u0130, ELM\u0130 D\u018fR\u018fC\u018fS\u0130 V\u018f ELM\u0130 ADLARI 2013-c\u00fc ild\u0259 \u015eirvan \u015f\u0259h\u0259ri 9 sayl\u0131 tam orta m\u0259kt\u0259bi bitirib. 2017- ci ild\u0259 Az\u0259rbaycan D\u00f6vl\u0259t \u0130qtisad Universitetinin Biznes inzibat\u00e7\u0131l\u0131\u011f\u0131 fakult\u0259sinin \u201cBiznesin idar\u0259 edilm\u0259si\u201d ixtisas\u0131 \u00fczr\u0259 bakalavr pill\u0259sini bitirib. 2019- cu ild\u0259 Bak\u0131 D\u00f6vl\u0259t [&hellip;]<\/p>\n","protected":false},"author":8,"featured_media":0,"parent":0,"menu_order":0,"comment_status":"closed","ping_status":"closed","template":"","meta":{"footnotes":""},"categories":[],"tags":[],"class_list":["post-11293","page","type-page","status-publish","hentry"],"_links":{"self":[{"href":"https:\/\/iif.gdu.edu.az\/index.php?rest_route=\/wp\/v2\/pages\/11293","targetHints":{"allow":["GET"]}}],"collection":[{"href":"https:\/\/iif.gdu.edu.az\/index.php?rest_route=\/wp\/v2\/pages"}],"about":[{"href":"https:\/\/iif.gdu.edu.az\/index.php?rest_route=\/wp\/v2\/types\/page"}],"author":[{"embeddable":true,"href":"https:\/\/iif.gdu.edu.az\/index.php?rest_route=\/wp\/v2\/users\/8"}],"replies":[{"embeddable":true,"href":"https:\/\/iif.gdu.edu.az\/index.php?rest_route=%2Fwp%2Fv2%2Fcomments&post=11293"}],"version-history":[{"count":1,"href":"https:\/\/iif.gdu.edu.az\/index.php?rest_route=\/wp\/v2\/pages\/11293\/revisions"}],"predecessor-version":[{"id":11297,"href":"https:\/\/iif.gdu.edu.az\/index.php?rest_route=\/wp\/v2\/pages\/11293\/revisions\/11297"}],"wp:attachment":[{"href":"https:\/\/iif.gdu.edu.az\/index.php?rest_route=%2Fwp%2Fv2%2Fmedia&parent=11293"}],"wp:term":[{"taxonomy":"category","embeddable":true,"href":"https:\/\/iif.gdu.edu.az\/index.php?rest_route=%2Fwp%2Fv2%2Fcategories&post=11293"},{"taxonomy":"post_tag","embeddable":true,"href":"https:\/\/iif.gdu.edu.az\/index.php?rest_route=%2Fwp%2Fv2%2Ftags&post=11293"}],"curies":[{"name":"wp","href":"https:\/\/api.w.org\/{rel}","templated":true}]}}