{"id":11405,"date":"2026-02-11T21:55:57","date_gmt":"2026-02-11T19:55:57","guid":{"rendered":"http:\/\/iif.gdu.edu.az\/?page_id=11405"},"modified":"2026-02-11T21:55:57","modified_gmt":"2026-02-11T19:55:57","slug":"yegan%c9%99-%c9%99li-qizi-k%c9%99rimova","status":"publish","type":"page","link":"https:\/\/iif.gdu.edu.az\/?page_id=11405","title":{"rendered":"Yegan\u0259 \u018fli q\u0131z\u0131 K\u0259rimova"},"content":{"rendered":"\n<figure class=\"wp-block-image size-large is-resized\"><img loading=\"lazy\" decoding=\"async\" src=\"https:\/\/iif.gdu.edu.az\/wp-content\/uploads\/2026\/02\/yg-1.png\" alt=\"\" class=\"wp-image-11406\" width=\"376\" height=\"432\"\/><\/figure>\n\n\n\n<p><strong>QISA B\u0130OQRAF\u0130K M\u018fLUMAT<\/strong>:<\/p>\n\n\n\n<p>1982-ci ild\u0259 Beyl\u0259qan rayonunda anadan olub.<\/p>\n\n\n\n<p><strong>Telefon<\/strong>: 050-565-02-93<\/p>\n\n\n\n<p><strong>E-mail<\/strong>: krimovaamil25@gmail.com<\/p>\n\n\n\n<p><strong>T\u018fHS\u0130L\u0130<\/strong>: <\/p>\n\n\n\n<p>2001-2005-ci ill\u0259rd\u0259 G\u0259nc\u0259 D\u00f6vl\u0259t Universitetind\u0259 \u201cPedaqogika v\u0259 Psixalogiya\u201d ixtisas\u0131n\u0131 bitirmisdir.<\/p>\n\n\n\n<p>Hal haz\u0131rda G\u0259nc\u0259 D\u00f6vl\u0259t Universitetind\u0259 \u201cMenecment v\u0259 turizm i\u015fi\u201d kafedras\u0131nda laborant v\u0259zif\u0259sind\u0259 \u00e7al\u0131\u015f\u0131r.<\/p>\n","protected":false},"excerpt":{"rendered":"<p>QISA B\u0130OQRAF\u0130K M\u018fLUMAT: 1982-ci ild\u0259 Beyl\u0259qan rayonunda anadan olub. Telefon: 050-565-02-93 E-mail: krimovaamil25@gmail.com T\u018fHS\u0130L\u0130: 2001-2005-ci ill\u0259rd\u0259 G\u0259nc\u0259 D\u00f6vl\u0259t Universitetind\u0259 \u201cPedaqogika v\u0259 Psixalogiya\u201d ixtisas\u0131n\u0131 bitirmisdir. Hal haz\u0131rda G\u0259nc\u0259 D\u00f6vl\u0259t Universitetind\u0259 \u201cMenecment v\u0259 turizm i\u015fi\u201d kafedras\u0131nda laborant v\u0259zif\u0259sind\u0259 \u00e7al\u0131\u015f\u0131r.<\/p>\n","protected":false},"author":8,"featured_media":0,"parent":0,"menu_order":0,"comment_status":"closed","ping_status":"closed","template":"","meta":{"footnotes":""},"categories":[],"tags":[],"class_list":["post-11405","page","type-page","status-publish","hentry"],"_links":{"self":[{"href":"https:\/\/iif.gdu.edu.az\/index.php?rest_route=\/wp\/v2\/pages\/11405","targetHints":{"allow":["GET"]}}],"collection":[{"href":"https:\/\/iif.gdu.edu.az\/index.php?rest_route=\/wp\/v2\/pages"}],"about":[{"href":"https:\/\/iif.gdu.edu.az\/index.php?rest_route=\/wp\/v2\/types\/page"}],"author":[{"embeddable":true,"href":"https:\/\/iif.gdu.edu.az\/index.php?rest_route=\/wp\/v2\/users\/8"}],"replies":[{"embeddable":true,"href":"https:\/\/iif.gdu.edu.az\/index.php?rest_route=%2Fwp%2Fv2%2Fcomments&post=11405"}],"version-history":[{"count":1,"href":"https:\/\/iif.gdu.edu.az\/index.php?rest_route=\/wp\/v2\/pages\/11405\/revisions"}],"predecessor-version":[{"id":11409,"href":"https:\/\/iif.gdu.edu.az\/index.php?rest_route=\/wp\/v2\/pages\/11405\/revisions\/11409"}],"wp:attachment":[{"href":"https:\/\/iif.gdu.edu.az\/index.php?rest_route=%2Fwp%2Fv2%2Fmedia&parent=11405"}],"wp:term":[{"taxonomy":"category","embeddable":true,"href":"https:\/\/iif.gdu.edu.az\/index.php?rest_route=%2Fwp%2Fv2%2Fcategories&post=11405"},{"taxonomy":"post_tag","embeddable":true,"href":"https:\/\/iif.gdu.edu.az\/index.php?rest_route=%2Fwp%2Fv2%2Ftags&post=11405"}],"curies":[{"name":"wp","href":"https:\/\/api.w.org\/{rel}","templated":true}]}}