{"id":11738,"date":"2026-02-18T07:49:35","date_gmt":"2026-02-18T05:49:35","guid":{"rendered":"http:\/\/iif.gdu.edu.az\/?page_id=11738"},"modified":"2026-02-18T07:49:35","modified_gmt":"2026-02-18T05:49:35","slug":"vuqar-arif-oglu-babayev","status":"publish","type":"page","link":"https:\/\/iif.gdu.edu.az\/?page_id=11738","title":{"rendered":"V\u00fcqar Arif o\u011flu Babayev"},"content":{"rendered":"\n<figure class=\"wp-block-image size-large is-resized\"><img loading=\"lazy\" decoding=\"async\" src=\"https:\/\/iif.gdu.edu.az\/wp-content\/uploads\/2026\/02\/vq.png\" alt=\"\" class=\"wp-image-11739\" width=\"411\" height=\"522\"\/><\/figure>\n\n\n\n<p><strong>QISA B\u0130OQRAF\u0130K M\u018fLUMAT<\/strong><\/p>\n\n\n\n<p>13.07.1971-ci ild\u0259 G\u0259nc\u0259 \u015f\u0259h\u0259rind\u0259 anadan olmu\u015fdur. Evlidir.<\/p>\n\n\n\n<p><strong>Telefon:<\/strong> (050) 345-74-89\u00a0\u00a0\u00a0\u00a0\u00a0\u00a0\u00a0\u00a0\u00a0\u00a0\u00a0\u00a0\u00a0\u00a0\u00a0\u00a0\u00a0\u00a0\u00a0\u00a0\u00a0\u00a0\u00a0\u00a0\u00a0\u00a0\u00a0\u00a0\u00a0\u00a0\u00a0\u00a0\u00a0<\/p>\n\n\n\n<p><strong>E-mail:\u00a0<\/strong>vuqarbabayev073@mail.ru<\/p>\n\n\n\n<p><strong>T\u018fHS\u0130L\u0130, ELM\u0130&nbsp; D\u018fR\u018fC\u018fS\u0130 V\u018f ELM\u0130 ADLARI:<\/strong><\/p>\n\n\n\n<p>1978-1988 ci ill\u0259rd\u0259 G\u0259nc\u0259 \u015f\u0259h\u0259rind\u0259 30 \u2116 li tam orta m\u0259kt\u0259bd\u0259 t\u0259hsil alm\u0131\u015fd\u0131r.<\/p>\n\n\n\n<p>1988-1994 c\u00fc \u00a0ill\u0259rd\u0259\u00a0 Bak\u0131 \u0130qtisad Universitetinin \u201c\u018fmt\u0259\u0259\u015f\u00fcnasl\u0131q\u201d fak\u00fclt\u0259sind\u0259 ali t\u0259hsil alm\u0131\u015fd\u0131r.<\/p>\n\n\n\n<p><strong>\u018fM\u018fK\u00a0 F\u018fAL\u0130YY\u018fT\u0130:<\/strong><\/p>\n\n\n\n<p>1996-2002-ci ill\u0259rd\u0259n M\u00c7OT xal\u00e7a firmas\u0131nda ticar\u0259t \u015f\u00f6b\u0259sinin m\u00fcdiri v\u0259zif\u0259sind\u0259 \u00e7al\u0131\u015fm\u0131\u015fd\u0131r.<\/p>\n\n\n\n<p>2002-2007-ci ill\u0259rd\u0259 ADAU- da \u201cG\u00f6mr\u00fck i\u015fi v\u0259 ekspertizas\u0131\u201d, \u201cAqrobiznesin t\u0259\u015fkili v\u0259 idar\u0259 etm\u0259si\u201d kafedras\u0131nda m\u00fc\u0259llim v\u0259zif\u0259sind\u0259 \u00e7al\u0131\u015fm\u0131\u015fd\u0131r.<\/p>\n\n\n\n<p>2018-ci ild\u0259n indiy\u0259d\u0259k G\u0259nc\u0259 D\u00f6vl\u0259t Universitetind\u0259 \u201c\u0130qtisadiyyat v\u0259 \u0130dar\u0259etm\u0259\u201dfak\u00fclt\u0259sinin \u201c\u0130qtisadiyyat\u201d kafedras\u0131nda m\u00fc\u0259lim v\u0259zif\u0259sind\u0259 \u00e7al\u0131\u015f\u0131r.<\/p>\n\n\n\n<p><strong>ELM\u0130 \u018fS\u018fRL\u018fR\u0130:<\/strong><\/p>\n\n\n\n<p>10-dan \u00e7ox elmi m\u0259qal\u0259nin m\u00fc\u0259llifidir.<\/p>\n\n\n\n<p><strong>D\u0130L B\u0130LG\u0130S\u0130: <\/strong>Rus dili -s\u0259rb\u0259st, ingilis dili \u2013 yax\u015f\u0131 s\u0259viyy\u0259d\u0259.<\/p>\n\n\n\n<p><strong>PART\u0130YALILI\u011eI : <\/strong>YAP\u00a0<\/p>\n","protected":false},"excerpt":{"rendered":"<p>QISA B\u0130OQRAF\u0130K M\u018fLUMAT 13.07.1971-ci ild\u0259 G\u0259nc\u0259 \u015f\u0259h\u0259rind\u0259 anadan olmu\u015fdur. Evlidir. Telefon: (050) 345-74-89\u00a0\u00a0\u00a0\u00a0\u00a0\u00a0\u00a0\u00a0\u00a0\u00a0\u00a0\u00a0\u00a0\u00a0\u00a0\u00a0\u00a0\u00a0\u00a0\u00a0\u00a0\u00a0\u00a0\u00a0\u00a0\u00a0\u00a0\u00a0\u00a0\u00a0\u00a0\u00a0\u00a0 E-mail:\u00a0vuqarbabayev073@mail.ru T\u018fHS\u0130L\u0130, ELM\u0130&nbsp; D\u018fR\u018fC\u018fS\u0130 V\u018f ELM\u0130 ADLARI: 1978-1988 ci ill\u0259rd\u0259 G\u0259nc\u0259 \u015f\u0259h\u0259rind\u0259 30 \u2116 li tam orta m\u0259kt\u0259bd\u0259 t\u0259hsil alm\u0131\u015fd\u0131r. 1988-1994 c\u00fc \u00a0ill\u0259rd\u0259\u00a0 Bak\u0131 \u0130qtisad Universitetinin \u201c\u018fmt\u0259\u0259\u015f\u00fcnasl\u0131q\u201d fak\u00fclt\u0259sind\u0259 ali t\u0259hsil alm\u0131\u015fd\u0131r. \u018fM\u018fK\u00a0 F\u018fAL\u0130YY\u018fT\u0130: 1996-2002-ci ill\u0259rd\u0259n M\u00c7OT xal\u00e7a firmas\u0131nda ticar\u0259t \u015f\u00f6b\u0259sinin m\u00fcdiri v\u0259zif\u0259sind\u0259 [&hellip;]<\/p>\n","protected":false},"author":8,"featured_media":0,"parent":0,"menu_order":0,"comment_status":"closed","ping_status":"closed","template":"","meta":{"footnotes":""},"categories":[],"tags":[],"class_list":["post-11738","page","type-page","status-publish","hentry"],"_links":{"self":[{"href":"https:\/\/iif.gdu.edu.az\/index.php?rest_route=\/wp\/v2\/pages\/11738","targetHints":{"allow":["GET"]}}],"collection":[{"href":"https:\/\/iif.gdu.edu.az\/index.php?rest_route=\/wp\/v2\/pages"}],"about":[{"href":"https:\/\/iif.gdu.edu.az\/index.php?rest_route=\/wp\/v2\/types\/page"}],"author":[{"embeddable":true,"href":"https:\/\/iif.gdu.edu.az\/index.php?rest_route=\/wp\/v2\/users\/8"}],"replies":[{"embeddable":true,"href":"https:\/\/iif.gdu.edu.az\/index.php?rest_route=%2Fwp%2Fv2%2Fcomments&post=11738"}],"version-history":[{"count":1,"href":"https:\/\/iif.gdu.edu.az\/index.php?rest_route=\/wp\/v2\/pages\/11738\/revisions"}],"predecessor-version":[{"id":11742,"href":"https:\/\/iif.gdu.edu.az\/index.php?rest_route=\/wp\/v2\/pages\/11738\/revisions\/11742"}],"wp:attachment":[{"href":"https:\/\/iif.gdu.edu.az\/index.php?rest_route=%2Fwp%2Fv2%2Fmedia&parent=11738"}],"wp:term":[{"taxonomy":"category","embeddable":true,"href":"https:\/\/iif.gdu.edu.az\/index.php?rest_route=%2Fwp%2Fv2%2Fcategories&post=11738"},{"taxonomy":"post_tag","embeddable":true,"href":"https:\/\/iif.gdu.edu.az\/index.php?rest_route=%2Fwp%2Fv2%2Ftags&post=11738"}],"curies":[{"name":"wp","href":"https:\/\/api.w.org\/{rel}","templated":true}]}}